/6. Suppose -260 = -z*l + 335. Let h = l - 77. What is the greatest common factor of 28 and h?
14
Let n = 54 - 32. What is the highest common divisor of 11 and n?
11
Let m(q) = 186*q + 1. Let a = -4 + 3. Let g be m(a). Let b = -125 - g. What is the greatest common divisor of 40 and b?
20
Suppose -3*r = -r, -20 = -2*q + 4*r. Let w be (-10)/(-3)*9/6. What is the greatest common divisor of w and q?
5
Suppose 2*a - 32 = -0. Let f be 40/a*(-8)/(-2). Calculate the greatest common factor of 4 and f.
2
Let v(a) = -a - 1. Let b(i) = 20*i**2 - 2. Let m(f) = b(f) - 3*v(f). Let z be m(-2). Let s = 29 - 14. Calculate the highest common factor of s and z.
15
Let j(c) = 2*c**2 + 5*c - 4. Let q be j(-5). Let w = 30 + -26. Suppose -6 = -2*y - 3*p + 12, 10 = -2*y + w*p. Calculate the greatest common factor of y and q.
3
Let d(a) = 6*a + 51. Let f be d(-8). Calculate the highest common factor of 18 and f.
3
Suppose -4*o + 2*x = 6*x - 56, 0 = 4*x + 16. Let c = -22 + 76. What is the greatest common factor of o and c?
18
Suppose 3*y - 74 = 2*l, -y = -3*y + 4*l + 52. Calculate the greatest common factor of 96 and y.
24
Let c(z) = -z**2 + 6*z - 1. Let v be c(3). Let k be (v/2 + 1)*9. Suppose 0 = 2*i - 42 + 6. Calculate the greatest common factor of k and i.
9
Let k = -23 - -12. Let z(r) = -2*r + 12. Let f be z(k). Calculate the highest common factor of 17 and f.
17
Let l be ((-1)/2)/((-1)/(-2)). Let w = -147 - -149. Let r be (w + l)/(2/14). What is the highest common divisor of 42 and r?
7
Let d(l) = 3*l + 3. Let j(n) = 2*n + 1. Let g(o) = -2*d(o) + 5*j(o). Let f be g(4). Calculate the highest common factor of 15 and f.
15
Let a = -93 - -178. What is the highest common divisor of a and 17?
17
Let o = -24 + 36. Calculate the highest common divisor of 3 and o.
3
Suppose 4*y + c - 339 = 0, 0 = 4*y - c + 5*c - 348. Calculate the greatest common factor of y and 12.
12
Suppose 4*z + 5*c - 417 = 0, -102 = z - 2*z - 2*c. Suppose 2*y = -y + 6. Suppose f + 4*f + 14 = 2*j, f - y = 0. Calculate the highest common divisor of j and z.
12
Let h(z) = -7*z + 10. Let n be h(-5). Calculate the highest common divisor of 30 and n.
15
Suppose -2*t - 3*t = 0. Suppose -3*d + 48 = -t*d. Calculate the greatest common divisor of 4 and d.
4
Let l be 3/(((-60)/(-88))/5). What is the greatest common divisor of l and 33?
11
Let r be -9*(2 - 5)/3*3. Calculate the highest common factor of r and 3.
3
Let j = -11 + 21. Suppose -55 = -4*c + 5*z, 1 = 5*z - 4. What is the greatest common divisor of c and j?
5
Let q(r) = -r**3 - 6*r**2 - r. Let p be q(-6). Let i(l) = 2*l + 8. Let j be i(p). Let d = j - 12. Calculate the highest common divisor of 2 and d.
2
Suppose -15 = -3*c - 0*x - 3*x, 3*c = -4*x + 17. What is the highest common factor of c and 9?
3
Suppose -5*i - 2*g = -5*g - 22, 0 = -4*i - 4*g + 24. Let d be (-1)/(-1) - (0 - i). Calculate the greatest common divisor of 3 and d.
3
Let r(t) = t**2 + 28*t + 36. Let j be r(-27). Calculate the highest common divisor of 6 and j.
3
Let r(u) = u**2 + 19*u + 14. Let g be r(-19). What is the greatest common factor of g and 2?
2
Suppose s - 4*y = 13, 2*y - 7 = -3*s - 2*y. Suppose -52 = -s*g + 8. What is the greatest common factor of g and 48?
12
Let x be ((-17)/(-5))/(6/30). What is the greatest common divisor of 85 and x?
17
Let x(n) = n**2 + 3*n - 3. Let k be x(6). Let m = 75 - k. Let g be (m/(-14))/((-4)/28). What is the highest common factor of g and 24?
12
Let f be (-1 - -2)*2 + 6. Suppose -57 = -3*v + 15. Suppose -3*j + 4*j = v. What is the greatest common factor of f and j?
8
Let s be 5/(20/8) - -214. Let m = -58 + 85. Calculate the highest common factor of s and m.
27
Let r be 20/(-90) + 50/(-18). Let x be (-2 - r) + -2 + 19. What is the highest common divisor of x and 108?
18
Let f(t) = 2*t**2 - 4. Let d be f(-2). Calculate the highest common factor of 20 and d.
4
Suppose -3*u - 7*f + 6*f = -94, 0 = -2*u + 3*f + 81. Let o(b) = -3*b - 1. Let y be o(-4). Calculate the highest common divisor of u and y.
11
Let g(j) = -j**3 + 7*j**2 - 4*j + 2. Let o be g(5). Let f = -179 + 183. What is the highest common divisor of f and o?
4
Let k = 28 + -23. Calculate the greatest common divisor of k and 35.
5
Suppose -29 = -3*u + 16. Let i = 10 + -3. Suppose 3*x - i*x = -300. Calculate the greatest common divisor of u and x.
15
Suppose -v = 5, -5*v = 3*a - 4*v - 61. Let i(d) = 18*d - 2. Let s be i(5). Calculate the greatest common factor of s and a.
22
Let d(r) = r**2 + r. Let w(g) = 2*g**2 - 4*g - 3. Let t be w(3). Let i be d(t). Calculate the greatest common factor of 4 and i.
4
Let h = -16 - -27. Let v = h - -3. What is the greatest common factor of 70 and v?
14
Let b be (-43)/(-4) + 2/8. Suppose -2*w = -0*w - 8. Suppose 0 = -n + 40 + w. Calculate the highest common factor of n and b.
11
Let o = -23 + 37. Calculate the highest common factor of 70 and o.
14
Let v = -116 - -188. Calculate the greatest common divisor of 9 and v.
9
Let i(x) = 24*x + 1. Let h be i(1). Calculate the greatest common factor of h and 10.
5
Let u = 14 + -27. Let g = 17 + u. What is the highest common factor of g and 6?
2
Let n be (-2)/(-2*3/27). Let x = 0 + n. What is the greatest common divisor of 36 and x?
9
Let c = 30 - -15. Calculate the greatest common factor of c and 9.
9
Let b = -1 + 2. Let j(d) = d + 6 - 5 + b. Let c be j(2). What is the greatest common divisor of 8 and c?
4
Suppose 2*h = -2*h + 260. Suppose h = 5*f + 5. Calculate the highest common divisor of 12 and f.
12
Let q(w) = 2*w**2 - 2*w + 1. Let t be q(-4). Suppose 5*b - 95 = -5*a, 0 = -2*b - 11*a + 6*a + t. What is the greatest common factor of 6 and b?
6
Let q(j) = -2*j**3 - 2*j**2 + 3*j + 2. Let k be q(-2). Suppose k*o - 31 - 9 = f, 0 = f. Calculate the greatest common factor of 4 and o.
2
Let q(j) be the third derivative of 13*j**5/30 - j**4/24 + j**3/2 + j**2. Let h be q(2). Calculate the highest common divisor of h and 21.
21
Let y be 1676/8 - (-9)/(-6). Calculate the greatest common divisor of 13 and y.
13
Let m(o) = o + 8. Let u be m(-6). Suppose 3*s = 3*d - 33, 7*d - u*s - 46 = 3*d. What is the greatest common divisor of d and 30?
6
Let r(i) = i**2 + 8*i + 3. Let v be r(-6). Let u(c) = -7*c + 7. Let t be u(v). Calculate the greatest common factor of 14 and t.
14
Let i(p) = p**2 + p - 1. Let d(o) = 3*o**2 + 5*o - 1. Let a(m) = -d(m) + 4*i(m). Let b be a(5). Let k = 35 - b. What is the highest common divisor of k and 18?
18
Let j be (28/(-14))/((-1)/3). Suppose -3*x = -4*x - 4*d + j, 76 = 5*x - 3*d. What is the greatest common factor of x and 35?
7
Let f(w) = -3*w**3 + w + 2. Let p be f(-2). Suppose 15 = v - 1. What is the highest common divisor of v and p?
8
Let t = -19 - -25. Suppose t*f - 317 = 2*f + 3*d, -5*f + d = -399. What is the highest common factor of 10 and f?
10
Let g(n) = n**2 - n + 43. Let b be g(8). Calculate the highest common factor of 11 and b.
11
Let n = 75 + -43. Calculate the highest common factor of 80 and n.
16
Suppose -9*d + 10*d - 2 = 0. Suppose -5*c + 6 = -4. Calculate the greatest common divisor of c and d.
2
Let p(d) be the third derivative of -5*d**4/12 + d**3 - d**2. Let h be p(-5). Suppose f + 3*f = h. Calculate the greatest common factor of 21 and f.
7
Let h = 11 - 1. What is the highest common divisor of h and 20?
10
Suppose 2*g + 4 = 26. What is the greatest common factor of g and 11?
11
Let k(s) be the third derivative of 1/2*s**3 + 5/24*s**4 + 0 + 0*s - s**2. Let o be k(3). What is the highest common factor of o and 45?
9
Let z(h) = 2*h + 21. Let n be z(-9). Let i = 17 - n. Calculate the greatest common factor of i and 42.
14
Let o(f) = -f**2 - f - 6. Let q be o(5). Let u = -20 - q. What is the greatest common factor of 144 and u?
16
Suppose 5*z = -4*l + 59, 22 = 2*z + 4*l - 4. Calculate the highest common factor of 1 and z.
1
Let u = -32 - -53. Let w = 23 + u. What is the greatest common factor of w and 4?
4
Let b(j) = j**3 - 6*j**2 + 3*j - 7. Let f be b(6). Calculate the greatest common divisor of f and 1.
1
Let c(w) = w**3 - 6*w**2 + 3*w - 4. Let d be c(6). Let k = 7 + -17. Let n = k - -80. Calculate the greatest common factor of n and d.
14
Let n = 108 + -63. Let v be (1 - -4)*(-2)/(-5). Let f be 10 - (v*-1 - -3). What is the highest common divisor of f and n?
9
Let l = 187 +